{"id":2627,"date":"2025-09-02T14:07:40","date_gmt":"2025-09-02T14:07:40","guid":{"rendered":"https:\/\/www.projets-bioprovence.fr\/acouvert\/?page_id=2627"},"modified":"2025-09-02T14:15:53","modified_gmt":"2025-09-02T14:15:53","slug":"grandes-cultures-cereales","status":"publish","type":"page","link":"https:\/\/www.projets-bioprovence.fr\/acouvert\/grandes-cultures-cereales\/","title":{"rendered":"Grandes cultures \/ C\u00e9r\u00e9ales"},"content":{"rendered":"\t\t<div data-elementor-type=\"wp-page\" data-elementor-id=\"2627\" class=\"elementor elementor-2627\" data-elementor-post-type=\"page\">\n\t\t\t\t\t\t<section class=\"has_eae_slider elementor-section elementor-top-section elementor-element elementor-element-24a77a88 elementor-section-boxed elementor-section-height-default elementor-section-height-default\" data-eae-slider=\"5416\" data-id=\"24a77a88\" data-element_type=\"section\">\n\t\t\t\t\t\t<div class=\"elementor-container elementor-column-gap-wide\">\n\t\t\t\t\t<div class=\"has_eae_slider elementor-column elementor-col-50 elementor-top-column elementor-element elementor-element-6fc5e8cb\" data-eae-slider=\"82274\" data-id=\"6fc5e8cb\" data-element_type=\"column\">\n\t\t\t<div class=\"elementor-widget-wrap elementor-element-populated\">\n\t\t\t\t\t\t<div class=\"elementor-element elementor-element-202c124 elementor-widget elementor-widget-heading\" data-id=\"202c124\" data-element_type=\"widget\" data-widget_type=\"heading.default\">\n\t\t\t\t<div class=\"elementor-widget-container\">\n\t\t\t\t\t<h1 class=\"elementor-heading-title elementor-size-default\">Grandes cultures \/ C\u00e9r\u00e9ales<\/h1>\t\t\t\t<\/div>\n\t\t\t\t<\/div>\n\t\t\t\t<div class=\"elementor-element elementor-element-a414fef elementor-widget elementor-widget-heading\" data-id=\"a414fef\" data-element_type=\"widget\" data-widget_type=\"heading.default\">\n\t\t\t\t<div class=\"elementor-widget-container\">\n\t\t\t\t\t<h2 class=\"elementor-heading-title elementor-size-default\">Les travaux du r\u00e9seau bio de PACA<\/h2>\t\t\t\t<\/div>\n\t\t\t\t<\/div>\n\t\t\t\t<div class=\"elementor-element elementor-element-178659d elementor-widget elementor-widget-text-editor\" data-id=\"178659d\" data-element_type=\"widget\" data-widget_type=\"text-editor.default\">\n\t\t\t\t<div class=\"elementor-widget-container\">\n\t\t\t\t\t\t\t\t\t<h4><b>Projet PEI \u201cCouverts v\u00e9g\u00e9taux sans herbicide dans les fili\u00e8res PPAM et grandes cultures en conditions m\u00e9diterran\u00e9ennes\u201d<\/b><\/h4><p><span style=\"font-weight: 400;\">Page du projet :\u00a0 <\/span><a href=\"https:\/\/www.bio-provence.org\/PEI-Couverts-vegetaux-sans-herbicides-en-PACA-trois-ans-pour-avancer-ensemble\"><span style=\"font-weight: 400;\">https:\/\/www.bio-provence.org\/PEI-Couverts-vegetaux-sans-herbicides-en-PACA-trois-ans-pour-avancer-ensemble<\/span><\/a><\/p><p><span style=\"font-weight: 400;\">Ce projet, pilot\u00e9 par Agribio04 entre 2018 et 2022\u201d, a men\u00e9 \u00e0 bien les actions suivantes :\u00a0<\/span><\/p><ul><li style=\"font-weight: 400;\" aria-level=\"1\"><span style=\"font-weight: 400;\">Etat des lieux des pratiques et des id\u00e9es en termes de couverts v\u00e9g\u00e9taux des agriculteurs : identification des innovations et des facteurs de r\u00e9ussite et d\u2019\u00e9checs en termes de couverts et de machinisme pour les r\u00e9guler.<\/span><\/li><li style=\"font-weight: 400;\" aria-level=\"1\"><span style=\"font-weight: 400;\">Mise en place de deux plateformes d\u2019essais de couverts v\u00e9g\u00e9taux avec quinze couverts diff\u00e9rents en pure et en m\u00e9lange. Une des plateformes a \u00e9t\u00e9 implant\u00e9e \u00e0 Saint Jurs sur le plateau de Valensole (terres superficielles et s\u00e9chantes) et une autre \u00e0 Gr\u00e9oux les Bains (terres de vall\u00e9e profonde), dont une partie a \u00e9t\u00e9 arros\u00e9e afin de quantifier l\u2019impact du stress hydrique sur la biomasse des couverts.<\/span><\/li><li style=\"font-weight: 400;\" aria-level=\"1\"><span style=\"font-weight: 400;\">Sur chacune de ces plateformes, diff\u00e9rents outils de r\u00e9gulation des couverts ont \u00e9t\u00e9 test\u00e9s : chaque agriculteur pourra amener le sien et l\u2019efficacit\u00e9 sera not\u00e9e de mani\u00e8re pr\u00e9cise.<\/span><\/li><li style=\"font-weight: 400;\" aria-level=\"1\"><span style=\"font-weight: 400;\">R\u00e9flexions collectives sur le machinisme n\u00e9cessaire \u00e0 la r\u00e9gulation des couverts. Avec l\u2019appui de l\u2019Atelier Paysan et du Lyc\u00e9e agricole de La Ricarde, cette action a permis de travailler sur des pistes d\u2019outils adapt\u00e9s aux objectifs et contraintes des producteurs.<\/span><\/li><\/ul><p><span style=\"font-weight: 400;\">C\u2019est ce projet qui a permis la cr\u00e9ation de ce site internet.<\/span><\/p>\t\t\t\t\t\t\t\t<\/div>\n\t\t\t\t<\/div>\n\t\t\t\t<div class=\"elementor-element elementor-element-e8dafee elementor-widget elementor-widget-heading\" data-id=\"e8dafee\" data-element_type=\"widget\" data-widget_type=\"heading.default\">\n\t\t\t\t<div class=\"elementor-widget-container\">\n\t\t\t\t\t<h2 class=\"elementor-heading-title elementor-size-default\">Les travaux d\u2019Arvalis-Institut du V\u00e9g\u00e9tal<\/h2>\t\t\t\t<\/div>\n\t\t\t\t<\/div>\n\t\t\t\t<div class=\"elementor-element elementor-element-5fc202f elementor-widget elementor-widget-text-editor\" data-id=\"5fc202f\" data-element_type=\"widget\" data-widget_type=\"text-editor.default\">\n\t\t\t\t<div class=\"elementor-widget-container\">\n\t\t\t\t\t\t\t\t\t<ul><li style=\"font-weight: 400;\" aria-level=\"1\"><span style=\"font-weight: 400;\">MARGUERIE M., CEBEZA-ORCEL., P. <\/span><b>Agriculture de conservation des sols : un atout pour le bassin m\u00e9diterran\u00e9en<\/b><span style=\"font-weight: 400;\">. Perspectives Agricoles, Octobre 2022. Num\u00e9ro 503.<\/span><\/li><\/ul><p><span style=\"font-weight: 400;\">L\u2019article :\u00a0 <\/span><a href=\"https:\/\/www.perspectives-agricoles.com\/recherche-agronomie\/agriculture-de-conservation-des-sols-un-atout-pour-le-bassin-mediterraneen\"><span style=\"font-weight: 400;\">https:\/\/www.perspectives-agricoles.com\/recherche-agronomie\/agriculture-de-conservation-des-sols-un-atout-pour-le-bassin-mediterraneen<\/span><\/a><\/p><ul><li style=\"font-weight: 400;\" aria-level=\"1\"><span style=\"font-weight: 400;\">MARGUERIE M., 2023. <\/span><b>Des cl\u00e9s pour r\u00e9ussir l\u2019agriculture de conservation des sols<\/b><span style=\"font-weight: 400;\">. Perspectives Agricoles, Juin 2023, num\u00e9ro 511.<\/span><\/li><\/ul><p><span style=\"font-weight: 400;\">L\u2019article :\u00a0 <\/span><a href=\"https:\/\/ecophytopic.fr\/sites\/default\/files\/2025-01\/511-52-56-ACS_0.pdf\"><span style=\"font-weight: 400;\">https:\/\/ecophytopic.fr\/sites\/default\/files\/2025-01\/511-52-56-ACS_0.pdf<\/span><\/a><\/p>\t\t\t\t\t\t\t\t<\/div>\n\t\t\t\t<\/div>\n\t\t\t\t<div class=\"elementor-element elementor-element-1a09700 elementor-widget elementor-widget-heading\" data-id=\"1a09700\" data-element_type=\"widget\" data-widget_type=\"heading.default\">\n\t\t\t\t<div class=\"elementor-widget-container\">\n\t\t\t\t\t<h2 class=\"elementor-heading-title elementor-size-default\">Les travaux des Chambre d\u2019Agriculture en PACA<\/h2>\t\t\t\t<\/div>\n\t\t\t\t<\/div>\n\t\t\t\t<div class=\"elementor-element elementor-element-9ae2068 elementor-widget elementor-widget-text-editor\" data-id=\"9ae2068\" data-element_type=\"widget\" data-widget_type=\"text-editor.default\">\n\t\t\t\t<div class=\"elementor-widget-container\">\n\t\t\t\t\t\t\t\t\t<ul><li style=\"font-weight: 400;\" aria-level=\"1\"><b>Collectif DEPHY Grandes-Cultures &#8211; L\u00e9gumes &#8211; Semences &#8211; Elevage \u201cDe la Diversit\u00e9 dans le Sud\u201d<\/b><span style=\"font-weight: 400;\"> : m\u00e9langes de couverts v\u00e9g\u00e9taux d\u2019interculture longue p\u00e2tur\u00e9s en sortie d\u2019hiver (destruction sans herbicides)<\/span><\/li><\/ul><p><span style=\"font-weight: 400;\">Page du projet :\u00a0 <\/span><a href=\"https:\/\/ecophytopic.fr\/dephy\/de-la-diversite-dans-le-sud-dephy-grandes-cultures-legumes-semences-elevage\"><span style=\"font-weight: 400;\">https:\/\/ecophytopic.fr\/dephy\/de-la-diversite-dans-le-sud-dephy-grandes-cultures-legumes-semences-elevage<\/span><\/a><span style=\"font-weight: 400;\">\u00a0<\/span><\/p><ul><li style=\"font-weight: 400;\" aria-level=\"1\"><span style=\"font-weight: 400;\">Projet <\/span><b>\u00ab Accompagnement du d\u00e9veloppement des techniques de semis direct et semis direct sous couvert en conditions m\u00e9diterran\u00e9ennes \u00bb<\/b><span style=\"font-weight: 400;\"> &#8211; CA04 \/ Arvalis \/ Agribio04<\/span><\/li><\/ul><p><span style=\"font-weight: 400;\">Page du projet :\u00a0 <\/span><a href=\"https:\/\/ecophytopic.fr\/sites\/default\/files\/2020-10\/Projet_semis_direct_sous_couvert_CASDAR.pdf\"><span style=\"font-weight: 400;\">https:\/\/ecophytopic.fr\/sites\/default\/files\/2020-10\/Projet_semis_direct_sous_couvert_CASDAR.pdf<\/span><\/a><\/p>\t\t\t\t\t\t\t\t<\/div>\n\t\t\t\t<\/div>\n\t\t\t\t<div class=\"elementor-element elementor-element-740512b elementor-widget elementor-widget-heading\" data-id=\"740512b\" data-element_type=\"widget\" data-widget_type=\"heading.default\">\n\t\t\t\t<div class=\"elementor-widget-container\">\n\t\t\t\t\t<h2 class=\"elementor-heading-title elementor-size-default\">Outil ACACIA - Aide \u00e0 la construction des couverts et des associations<\/h2>\t\t\t\t<\/div>\n\t\t\t\t<\/div>\n\t\t\t\t<div class=\"elementor-element elementor-element-f87e436 elementor-widget elementor-widget-text-editor\" data-id=\"f87e436\" data-element_type=\"widget\" data-widget_type=\"text-editor.default\">\n\t\t\t\t<div class=\"elementor-widget-container\">\n\t\t\t\t\t\t\t\t\t<p><span style=\"font-weight: 400;\">Page du projet :\u00a0 <\/span><a href=\"https:\/\/agriculture-de-conservation.com\/ACACIA-Version-3.html\"><b>https:\/\/agriculture-de-conservation.com\/ACACIA-Version-3.html<\/b><\/a><b>\u00a0<\/b><\/p><p><b>ACACIA<\/b><span style=\"font-weight: 400;\"> (Aide au Choix et \u00e0 l&rsquo;Adaptation des Couverts d&rsquo;Interculture dans les Assolements) est un tableur fonctionnant sous Excel ayant pour objectif de vous aider \u00e0 cr\u00e9er et mettre en \u0153uvre vos couverts v\u00e9g\u00e9taux sur votre exploitation. Avec ACACIA vous pourrez, entre autres, avoir les renseignements suivants :<\/span><\/p><ul><li style=\"font-weight: 400;\" aria-level=\"1\"><span style=\"font-weight: 400;\">Nombre de pieds de chaque esp\u00e8ce du m\u00e9lange,<\/span><\/li><li style=\"font-weight: 400;\" aria-level=\"1\"><span style=\"font-weight: 400;\">R\u00e9partition selon les familles botaniques,<\/span><\/li><li style=\"font-weight: 400;\" aria-level=\"1\"><span style=\"font-weight: 400;\">Compl\u00e9mentarit\u00e9 des couverts (exploration racinaire &amp; comp\u00e9tition a\u00e9rienne),<\/span><\/li><li style=\"font-weight: 400;\" aria-level=\"1\"><span style=\"font-weight: 400;\">Les caract\u00e9ristiques des couverts,<\/span><\/li><li style=\"font-weight: 400;\" aria-level=\"1\"><span style=\"font-weight: 400;\">Conseils pour l&rsquo;implantation (date de semis, profondeur, mode d&rsquo;implantation, &#8230;),<\/span><\/li><li style=\"font-weight: 400;\" aria-level=\"1\"><span style=\"font-weight: 400;\">Approche \u00e9conomique (co\u00fbt du couvert, co\u00fbt d&rsquo;implantation, temps de travail, &#8230;).<\/span><\/li><\/ul>\t\t\t\t\t\t\t\t<\/div>\n\t\t\t\t<\/div>\n\t\t\t\t<div class=\"elementor-element elementor-element-1389e22 elementor-widget elementor-widget-heading\" data-id=\"1389e22\" data-element_type=\"widget\" data-widget_type=\"heading.default\">\n\t\t\t\t<div class=\"elementor-widget-container\">\n\t\t\t\t\t<h2 class=\"elementor-heading-title elementor-size-default\">Quelques ouvrages <\/h2>\t\t\t\t<\/div>\n\t\t\t\t<\/div>\n\t\t\t\t<div class=\"elementor-element elementor-element-121697d elementor-widget elementor-widget-text-editor\" data-id=\"121697d\" data-element_type=\"widget\" data-widget_type=\"text-editor.default\">\n\t\t\t\t<div class=\"elementor-widget-container\">\n\t\t\t\t\t\t\t\t\t<p>Les couverts v\u00e9g\u00e9taux : gestion pratique de l\u2019interculture (Fr\u00e9d\u00e9ric Thomas, Mathieu Archambaud) <a href=\"https:\/\/www.editions-france-agricole.fr\/livres-et-ebooks\/productions-vegetales\/les-couverts-vegetaux.html\">https:\/\/www.editions-france-agricole.fr\/livres-et-ebooks\/productions-vegetales\/les-couverts-vegetaux.html<\/a>\u00a0<\/p><p>Guide pratique des couverts v\u00e9g\u00e9taux (C\u00e9cile Waligora) <a href=\"https:\/\/www.cultura.com\/c\/p\/9782855578392?utm_source=google&amp;utm_medium=cpc&amp;utm_campaign=PMAX_Livre_Reste&amp;gad_source=1&amp;gclid=Cj0KCQiA1p28BhCBARIsADP9HrPXrBrbMugRICvell5jLHvfwceJ10xjxUdH9BHnjlcmBMON-dE65oMaAkAqEALw_wcB\">https:\/\/www.cultura.com\/c\/p\/9782855578392?utm_source=google&amp;utm_medium=cpc&amp;utm_campaign=PMAX_Livre_Reste&amp;gad_source=1&amp;gclid=Cj0KCQiA1p28BhCBARIsADP9HrPXrBrbMugRICvell5jLHvfwceJ10xjxUdH9BHnjlcmBMON-dE65oMaAkAqEALw_wcB<\/a>\u00a0<\/p>\t\t\t\t\t\t\t\t<\/div>\n\t\t\t\t<\/div>\n\t\t\t\t\t<\/div>\n\t\t<\/div>\n\t\t\t\t<div class=\"has_eae_slider elementor-column elementor-col-50 elementor-top-column elementor-element elementor-element-64e6559\" data-eae-slider=\"53797\" data-id=\"64e6559\" data-element_type=\"column\">\n\t\t\t<div class=\"elementor-widget-wrap elementor-element-populated\">\n\t\t\t\t\t\t<div class=\"elementor-element elementor-element-f7d64d3 elementor-widget elementor-widget-shortcode\" data-id=\"f7d64d3\" data-element_type=\"widget\" data-widget_type=\"shortcode.default\">\n\t\t\t\t<div class=\"elementor-widget-container\">\n\t\t\t\t\t\t\t<div class=\"elementor-shortcode\">\t\t<div data-elementor-type=\"section\" data-elementor-id=\"1309\" class=\"elementor elementor-1309\" data-elementor-post-type=\"elementor_library\">\n\t\t\t\t\t<section class=\"has_eae_slider elementor-section elementor-top-section elementor-element elementor-element-be40d27 elementor-section-full_width elementor-section-height-default elementor-section-height-default\" data-eae-slider=\"78322\" data-id=\"be40d27\" data-element_type=\"section\" data-settings=\"{&quot;background_background&quot;:&quot;classic&quot;}\">\n\t\t\t\t\t\t<div class=\"elementor-container elementor-column-gap-default\">\n\t\t\t\t\t<div class=\"has_eae_slider elementor-column elementor-col-100 elementor-top-column elementor-element elementor-element-35edf72\" data-eae-slider=\"56805\" data-id=\"35edf72\" data-element_type=\"column\" data-settings=\"{&quot;background_background&quot;:&quot;gradient&quot;}\">\n\t\t\t<div class=\"elementor-widget-wrap elementor-element-populated\">\n\t\t\t\t\t\t<section class=\"has_eae_slider elementor-section elementor-inner-section elementor-element elementor-element-638e504 elementor-section-boxed elementor-section-height-default elementor-section-height-default\" data-eae-slider=\"37062\" data-id=\"638e504\" data-element_type=\"section\">\n\t\t\t\t\t\t<div class=\"elementor-container elementor-column-gap-default\">\n\t\t\t\t\t<div class=\"has_eae_slider elementor-column elementor-col-100 elementor-inner-column elementor-element elementor-element-96968d5\" data-eae-slider=\"35958\" data-id=\"96968d5\" data-element_type=\"column\" data-settings=\"{&quot;background_background&quot;:&quot;classic&quot;}\">\n\t\t\t<div class=\"elementor-widget-wrap elementor-element-populated\">\n\t\t\t\t\t\t<div class=\"elementor-element elementor-element-da1edce elementor-widget elementor-widget-image\" data-id=\"da1edce\" data-element_type=\"widget\" data-widget_type=\"image.default\">\n\t\t\t\t<div class=\"elementor-widget-container\">\n\t\t\t\t\t\t\t\t\t\t\t\t\t\t\t<img fetchpriority=\"high\" decoding=\"async\" width=\"237\" height=\"237\" src=\"https:\/\/www.projets-bioprovence.fr\/acouvert\/wp-content\/uploads\/2023\/09\/LOGO-Reseaubio.jpg\" class=\"attachment-large size-large wp-image-896\" alt=\"\" srcset=\"https:\/\/www.projets-bioprovence.fr\/acouvert\/wp-content\/uploads\/2023\/09\/LOGO-Reseaubio.jpg 237w, https:\/\/www.projets-bioprovence.fr\/acouvert\/wp-content\/uploads\/2023\/09\/LOGO-Reseaubio-150x150.jpg 150w\" sizes=\"(max-width: 237px) 100vw, 237px\" \/>\t\t\t\t\t\t\t\t\t\t\t\t\t\t\t<\/div>\n\t\t\t\t<\/div>\n\t\t\t\t<div class=\"elementor-element elementor-element-18d6c90 elementor-align-left elementor-icon-list--layout-traditional elementor-list-item-link-full_width elementor-widget elementor-widget-icon-list\" data-id=\"18d6c90\" data-element_type=\"widget\" data-widget_type=\"icon-list.default\">\n\t\t\t\t<div class=\"elementor-widget-container\">\n\t\t\t\t\t\t\t<ul class=\"elementor-icon-list-items\">\n\t\t\t\t\t\t\t<li class=\"elementor-icon-list-item\">\n\t\t\t\t\t\t\t\t\t\t\t<a href=\"tel:+33490840334\">\n\n\t\t\t\t\t\t\t\t\t\t\t\t<span class=\"elementor-icon-list-icon\">\n\t\t\t\t\t\t\t<i aria-hidden=\"true\" class=\"fas fa-phone-alt\"><\/i>\t\t\t\t\t\t<\/span>\n\t\t\t\t\t\t\t\t\t\t<span class=\"elementor-icon-list-text\">04 90 84 03 34<\/span>\n\t\t\t\t\t\t\t\t\t\t\t<\/a>\n\t\t\t\t\t\t\t\t\t<\/li>\n\t\t\t\t\t\t\t\t<li class=\"elementor-icon-list-item\">\n\t\t\t\t\t\t\t\t\t\t\t<a href=\"mailto:contact@bio-provence.org%20\">\n\n\t\t\t\t\t\t\t\t\t\t\t\t<span class=\"elementor-icon-list-icon\">\n\t\t\t\t\t\t\t<i aria-hidden=\"true\" class=\"far fa-envelope\"><\/i>\t\t\t\t\t\t<\/span>\n\t\t\t\t\t\t\t\t\t\t<span class=\"elementor-icon-list-text\">contact@bio-provence.org <\/span>\n\t\t\t\t\t\t\t\t\t\t\t<\/a>\n\t\t\t\t\t\t\t\t\t<\/li>\n\t\t\t\t\t\t\t\t<li class=\"elementor-icon-list-item\">\n\t\t\t\t\t\t\t\t\t\t\t<a href=\"https:\/\/www.bio-provence.org\/Bio-de-Provence-Alpes-Cote-d-Azur\">\n\n\t\t\t\t\t\t\t\t\t\t\t\t<span class=\"elementor-icon-list-icon\">\n\t\t\t\t\t\t\t<i aria-hidden=\"true\" class=\"fas fa-globe\"><\/i>\t\t\t\t\t\t<\/span>\n\t\t\t\t\t\t\t\t\t\t<span class=\"elementor-icon-list-text\">En savoir plus<\/span>\n\t\t\t\t\t\t\t\t\t\t\t<\/a>\n\t\t\t\t\t\t\t\t\t<\/li>\n\t\t\t\t\t\t<\/ul>\n\t\t\t\t\t\t<\/div>\n\t\t\t\t<\/div>\n\t\t\t\t<div class=\"elementor-element elementor-element-be7e3a7 elementor-widget elementor-widget-heading\" data-id=\"be7e3a7\" data-element_type=\"widget\" data-widget_type=\"heading.default\">\n\t\t\t\t<div class=\"elementor-widget-container\">\n\t\t\t\t\t<h2 class=\"elementor-heading-title elementor-size-default\">Nos partenaires<\/h2>\t\t\t\t<\/div>\n\t\t\t\t<\/div>\n\t\t\t\t<div class=\"elementor-element elementor-element-93fe233 elementor-widget elementor-widget-text-editor\" data-id=\"93fe233\" data-element_type=\"widget\" data-widget_type=\"text-editor.default\">\n\t\t\t\t<div class=\"elementor-widget-container\">\n\t\t\t\t\t\t\t\t\t<p>Agribio 04 et Bio de PACA remercient l\u2019ensemble des partenaires investis sur ce projet et dans la r\u00e9alisation de ces supports :<\/p>\t\t\t\t\t\t\t\t<\/div>\n\t\t\t\t<\/div>\n\t\t\t\t<div class=\"elementor-element elementor-element-4c3bf6d elementor-widget elementor-widget-gallery\" data-id=\"4c3bf6d\" data-element_type=\"widget\" data-settings=\"{&quot;gallery_layout&quot;:&quot;masonry&quot;,&quot;columns&quot;:3,&quot;columns_tablet&quot;:4,&quot;columns_mobile&quot;:3,&quot;gap&quot;:{&quot;unit&quot;:&quot;px&quot;,&quot;size&quot;:5,&quot;sizes&quot;:[]},&quot;gap_tablet&quot;:{&quot;unit&quot;:&quot;px&quot;,&quot;size&quot;:10,&quot;sizes&quot;:[]},&quot;gap_mobile&quot;:{&quot;unit&quot;:&quot;px&quot;,&quot;size&quot;:10,&quot;sizes&quot;:[]},&quot;content_hover_animation&quot;:&quot;fade-in&quot;}\" data-widget_type=\"gallery.default\">\n\t\t\t\t<div class=\"elementor-widget-container\">\n\t\t\t\t\t\t\t<div class=\"elementor-gallery__container\">\n\t\t\t\t\t\t\t<div class=\"e-gallery-item elementor-gallery-item elementor-animated-content\">\n\t\t\t\t\t<div class=\"e-gallery-image elementor-gallery-item__image\" data-thumbnail=\"https:\/\/www.projets-bioprovence.fr\/acouvert\/wp-content\/uploads\/2023\/09\/partenaire_arvalis.png\" data-width=\"300\" data-height=\"237\" aria-label=\"\" role=\"img\" ><\/div>\n\t\t\t\t\t\t\t\t\t\t\t\t\t\t<\/div>\n\t\t\t\t\t\t\t<div class=\"e-gallery-item elementor-gallery-item elementor-animated-content\">\n\t\t\t\t\t<div class=\"e-gallery-image elementor-gallery-item__image\" data-thumbnail=\"https:\/\/www.projets-bioprovence.fr\/acouvert\/wp-content\/uploads\/2022\/01\/partenaire_chambre04.jpg\" data-width=\"300\" data-height=\"237\" aria-label=\"\" role=\"img\" ><\/div>\n\t\t\t\t\t\t\t\t\t\t\t\t\t\t<\/div>\n\t\t\t\t\t\t\t<div class=\"e-gallery-item elementor-gallery-item elementor-animated-content\">\n\t\t\t\t\t<div class=\"e-gallery-image elementor-gallery-item__image\" data-thumbnail=\"https:\/\/www.projets-bioprovence.fr\/acouvert\/wp-content\/uploads\/2022\/01\/partenaire_crieppam.jpg\" data-width=\"300\" data-height=\"237\" aria-label=\"\" role=\"img\" ><\/div>\n\t\t\t\t\t\t\t\t\t\t\t\t\t\t<\/div>\n\t\t\t\t\t\t\t<div class=\"e-gallery-item elementor-gallery-item elementor-animated-content\">\n\t\t\t\t\t<div class=\"e-gallery-image elementor-gallery-item__image\" data-thumbnail=\"https:\/\/www.projets-bioprovence.fr\/acouvert\/wp-content\/uploads\/2022\/01\/partenaire_isara.jpg\" data-width=\"300\" data-height=\"237\" aria-label=\"\" role=\"img\" ><\/div>\n\t\t\t\t\t\t\t\t\t\t\t\t\t\t<\/div>\n\t\t\t\t\t\t\t<div class=\"e-gallery-item elementor-gallery-item elementor-animated-content\">\n\t\t\t\t\t<div class=\"e-gallery-image elementor-gallery-item__image\" data-thumbnail=\"https:\/\/www.projets-bioprovence.fr\/acouvert\/wp-content\/uploads\/2022\/01\/partenaire_itab.jpg\" data-width=\"300\" data-height=\"237\" aria-label=\"\" role=\"img\" ><\/div>\n\t\t\t\t\t\t\t\t\t\t\t\t\t\t<\/div>\n\t\t\t\t\t\t\t<div class=\"e-gallery-item elementor-gallery-item elementor-animated-content\">\n\t\t\t\t\t<div class=\"e-gallery-image elementor-gallery-item__image\" data-thumbnail=\"https:\/\/www.projets-bioprovence.fr\/acouvert\/wp-content\/uploads\/2022\/01\/partenaire_latelierpaysan.jpg\" data-width=\"300\" data-height=\"237\" aria-label=\"\" role=\"img\" ><\/div>\n\t\t\t\t\t\t\t\t\t\t\t\t\t\t<\/div>\n\t\t\t\t\t\t\t<div class=\"e-gallery-item elementor-gallery-item elementor-animated-content\">\n\t\t\t\t\t<div class=\"e-gallery-image elementor-gallery-item__image\" data-thumbnail=\"https:\/\/www.projets-bioprovence.fr\/acouvert\/wp-content\/uploads\/2022\/01\/partenaire_supagro-300x119.jpg\" data-width=\"300\" data-height=\"119\" aria-label=\"\" role=\"img\" ><\/div>\n\t\t\t\t\t\t\t\t\t\t\t\t\t\t<\/div>\n\t\t\t\t\t\t\t<div class=\"e-gallery-item elementor-gallery-item elementor-animated-content\">\n\t\t\t\t\t<div class=\"e-gallery-image elementor-gallery-item__image\" data-thumbnail=\"https:\/\/www.projets-bioprovence.fr\/acouvert\/wp-content\/uploads\/2022\/01\/partenaire_valabre.jpg\" data-width=\"300\" data-height=\"237\" aria-label=\"\" role=\"img\" ><\/div>\n\t\t\t\t\t\t\t\t\t\t\t\t\t\t<\/div>\n\t\t\t\t\t\t\t<div class=\"e-gallery-item elementor-gallery-item elementor-animated-content\">\n\t\t\t\t\t<div class=\"e-gallery-image elementor-gallery-item__image\" data-thumbnail=\"https:\/\/www.projets-bioprovence.fr\/acouvert\/wp-content\/uploads\/2022\/01\/partenaire_exploitationavignonislesursorgue.jpg\" data-width=\"300\" data-height=\"237\" aria-label=\"\" role=\"img\" ><\/div>\n\t\t\t\t\t\t\t\t\t\t\t\t\t\t<\/div>\n\t\t\t\t\t<\/div>\n\t\t\t\t\t<\/div>\n\t\t\t\t<\/div>\n\t\t\t\t\t<\/div>\n\t\t<\/div>\n\t\t\t\t\t<\/div>\n\t\t<\/section>\n\t\t\t\t<div class=\"elementor-element elementor-element-b75ff92 elementor-widget elementor-widget-spacer\" data-id=\"b75ff92\" data-element_type=\"widget\" data-widget_type=\"spacer.default\">\n\t\t\t\t<div class=\"elementor-widget-container\">\n\t\t\t\t\t\t\t<div class=\"elementor-spacer\">\n\t\t\t<div class=\"elementor-spacer-inner\"><\/div>\n\t\t<\/div>\n\t\t\t\t\t\t<\/div>\n\t\t\t\t<\/div>\n\t\t\t\t\t<\/div>\n\t\t<\/div>\n\t\t\t\t\t<\/div>\n\t\t<\/section>\n\t\t\t\t<\/div>\n\t\t<\/div>\n\t\t\t\t\t\t<\/div>\n\t\t\t\t<\/div>\n\t\t\t\t\t<\/div>\n\t\t<\/div>\n\t\t\t\t\t<\/div>\n\t\t<\/section>\n\t\t\t\t<\/div>\n\t\t","protected":false},"excerpt":{"rendered":"<p>Grandes cultures \/ C\u00e9r\u00e9ales Les travaux du r\u00e9seau bio de PACA Projet PEI \u201cCouverts v\u00e9g\u00e9taux sans herbicide dans les fili\u00e8res PPAM et grandes cultures en conditions m\u00e9diterran\u00e9ennes\u201d Page du projet :\u00a0 https:\/\/www.bio-provence.org\/PEI-Couverts-vegetaux-sans-herbicides-en-PACA-trois-ans-pour-avancer-ensemble Ce projet, pilot\u00e9 par Agribio04 entre 2018 et 2022\u201d, a men\u00e9 \u00e0 bien les actions suivantes :\u00a0 Etat des lieux des pratiques et &#8230; <a title=\"Grandes cultures \/ C\u00e9r\u00e9ales\" class=\"read-more\" href=\"https:\/\/www.projets-bioprovence.fr\/acouvert\/grandes-cultures-cereales\/\" aria-label=\"En savoir plus sur Grandes cultures \/ C\u00e9r\u00e9ales\">Lire la suite<\/a><\/p>\n","protected":false},"author":1,"featured_media":0,"parent":0,"menu_order":0,"comment_status":"closed","ping_status":"closed","template":"elementor_header_footer","meta":{"footnotes":""},"class_list":["post-2627","page","type-page","status-publish"],"_links":{"self":[{"href":"https:\/\/www.projets-bioprovence.fr\/acouvert\/wp-json\/wp\/v2\/pages\/2627","targetHints":{"allow":["GET"]}}],"collection":[{"href":"https:\/\/www.projets-bioprovence.fr\/acouvert\/wp-json\/wp\/v2\/pages"}],"about":[{"href":"https:\/\/www.projets-bioprovence.fr\/acouvert\/wp-json\/wp\/v2\/types\/page"}],"author":[{"embeddable":true,"href":"https:\/\/www.projets-bioprovence.fr\/acouvert\/wp-json\/wp\/v2\/users\/1"}],"replies":[{"embeddable":true,"href":"https:\/\/www.projets-bioprovence.fr\/acouvert\/wp-json\/wp\/v2\/comments?post=2627"}],"version-history":[{"count":7,"href":"https:\/\/www.projets-bioprovence.fr\/acouvert\/wp-json\/wp\/v2\/pages\/2627\/revisions"}],"predecessor-version":[{"id":2634,"href":"https:\/\/www.projets-bioprovence.fr\/acouvert\/wp-json\/wp\/v2\/pages\/2627\/revisions\/2634"}],"wp:attachment":[{"href":"https:\/\/www.projets-bioprovence.fr\/acouvert\/wp-json\/wp\/v2\/media?parent=2627"}],"curies":[{"name":"wp","href":"https:\/\/api.w.org\/{rel}","templated":true}]}}